/(-9))/(-4))/((-1)/6). Let q(t) = t**3 + 3*t**2 + 2*t + 5. What is q(u)?
-19
Let g be (-55)/(-8) - 4/(-32). Let l(m) = -g*m + 3 - 2*m + 2*m + 6*m. Give l(7).
-4
Suppose 4*y + 6 - 2 = 0. Let t(i) = i**2 - 5*i - 12. Let v be t(7). Let b(z) = 8*z - v*z + 3*z**2 - 5*z - 13*z**2. Give b(y).
-11
Let w(z) = z**2 - 5. Let f be w(-5). Suppose 4*k = -f, 0 = -0*h - 2*h - k - 9. Let m(d) = 2*d**3 + 2. Calculate m(h).
-14
Suppose 3*x - 7*j = -11*j + 27, -x = 2*j - 11. Suppose x*k + 89 = 129. Let b(r) = -r**2 + 8*r + 7. What is b(k)?
7
Suppose w + 0*w = 2. Suppose -4*y - 2*z + 13 = y, 0 = -w*y - z + 5. Suppose 0 = -3*j - 5*u + 19, y*u = 3 + 3. Let h(a) = 3*a + 3. What is h(j)?
12
Let z(q) = 8*q. Let k(v) = -9*v - 1. Let p(s) = 6*k(s) + 7*z(s). Let u = -25 + 31. What is p(u)?
6
Let w = 87 - 85. Let l(z) = -3*z**3 - 2*z**2 - 2*z**w - 7 + 4*z**3 - 4*z. Calculate l(5).
-2
Suppose -23 = 5*i - 3*f, -i - i = -3*f + 11. Let b(m) = -m**2 - 5*m - 5. Determine b(i).
-1
Let k(t) be the third derivative of -t**5/15 + 17*t**2. Determine k(-1).
-4
Suppose 0 = 4*f - 5*o - 37, -4*o = -4*f + 7 + 25. Let i(z) = -z**3 + 3*z**2 - 3*z + 4. Calculate i(f).
-5
Let t = 50 - 44. Let o be t/7*(3 - 5 - 5). Let u(r) = -r**3 - 7*r**2 - 7*r. What is u(o)?
6
Let q(j) = -j**3 - 3*j**2 + 6*j + 6. Suppose 37 = -5*m - 3. Let n be (-2 + m)/((-2)/(-4)). Let l = -24 - n. Calculate q(l).
-2
Let x(p) = -58*p**3 + 3*p - 2. Let y be x(1). Let w = -37 - y. Let c be ((-30)/(-8))/(15/w). Let v(n) = n**3 - 6*n**2 + 2*n + 7. Give v(c).
-8
Let w(o) = 18*o - 1. Let i be ((-40)/(-60))/((-2)/6) + 1. Give w(i).
-19
Let m(z) = 6*z**2 - z - 1. Suppose -5*f - 3 = -38. Let u(s) = 19*s**2 - 3*s - 4. Let t(i) = f*m(i) - 2*u(i). Determine t(1).
4
Let z(x) = -x**3 - x**2 - x + 13. Let s(c) = -3*c - 12. Let v be s(-5). Suppose 3*b - 9 = -2*u, 3*b = -4*u + 2*b + v. Determine z(u).
13
Suppose 2*a + 4*g - 2 = 6, 4*a + 5*g = 25. Let b(d) be the third derivative of d**6/120 - d**5/6 - 7*d**3/6 + 22*d**2. Determine b(a).
-7
Let j(t) be the first derivative of -t**2/2 - 2*t - 1. Let s(d) = d**2 - 3*d - 1. Let v be s(-1). Suppose 5*n - 4*n + v = 0. What is j(n)?
1
Let d(z) = 3*z**2 - 3*z - 2. Let p = 46 + -46. Suppose -3*o = -q - 3*q - 2, 4*o - 4*q = p. Calculate d(o).
16
Let s(w) be the first derivative of 3*w**2 - 5*w + 394. Calculate s(3).
13
Let k(s) = -s - 6. Suppose -r = -4*f + 11, 17*r + 5 = 18*r. What is k(f)?
-10
Let k(a) be the third derivative of 1/30*a**5 + 0 + 1/360*a**6 + 4/3*a**3 + 0*a - 8*a**2 + 0*a**4. Let z(g) be the first derivative of k(g). Give z(-5).
5
Let i be ((-45)/6 + 3)/(45/(-20)). Let m(q) be the first derivative of q**4/4 - q**3/3 - q**2/2 - q - 1. Calculate m(i).
1
Let z = -304 + 217. Let j = z + 81. Let d(k) = 4*k + 9. What is d(j)?
-15
Let n(k) be the first derivative of 1/4*k**4 + 2*k + 7 + 5/3*k**3 + k**2. What is n(-5)?
-8
Let j(z) = -10*z + 576. Let h be j(57). Let r(a) = 7*a + 3. Calculate r(h).
45
Let p = 58 + -57. Let k(t) = 2 + 2*t**2 + p + t**2 - t - t**2. Give k(-3).
24
Let v(a) = a**3 + 8*a**2 + 3*a + 4. Let l(h) = 6 - 1 - 1 + h**2 - 3. Let o(b) = -3*l(b) + v(b). Give o(-3).
10
Let k(t) = -t**3 + 12*t + 5. Let a(d) = 2*d**3 - d**2 - 25*d - 10. Let r(g) = 4*a(g) + 9*k(g). Suppose 2*m = -2*f - 12, 0 = -f - 6*m + 2*m - 9. Give r(f).
-10
Let d(b) = b**3 + 6*b**2 + 7*b + 5. Let o = 777 - 782. What is d(o)?
-5
Suppose -5*y - 2 = 3*a - 7*a, 2*y = 4. Let u(w) = -4*w**2 - 2*w**2 + 2*w**a + 9*w**2. Calculate u(-2).
-4
Let d(x) = 4*x - 7. Let r(s) = -s**3 + 6*s**2 + 10*s - 14. Let q be r(7). Give d(q).
21
Let s(h) be the second derivative of h**5/20 + 7*h**4/12 + 7*h**3/6 + 4*h**2 - h - 22. Let t = 2 + -8. Calculate s(t).
2
Let y(p) = -2*p**2 + 7*p + 1. Let w(c) = 8*c + 61. Let t be w(-7). Determine y(t).
-14
Let z(u) = u**3 + 8*u**2 + 9*u + 9. Let p(k) = -22*k + 81. Let r be p(4). Calculate z(r).
-5
Let v(z) be the first derivative of -z**4/4 + 2*z**3 + 5*z**2/2 - 128. Calculate v(7).
-14
Let d be (-4)/10*(-5 - -10). Let b(t) be the first derivative of t**4/3 + t**3/2 - t + 5. Let a(q) be the first derivative of b(q). Determine a(d).
10
Let x(v) = 7*v + 18. Let o(u) = 4*u. Let w(y) = -2*o(y) + x(y). What is w(13)?
5
Let j be 118/(-6) - 6/18. Let h be (16/j)/((-3)/(-15)). Let z(f) = f**3 - 2*f**2 - 6. Let a(i) = -i**3 + i**2 + 5. Let r(t) = -6*a(t) - 5*z(t). Give r(h).
0
Let r(j) = -j - 7. Let a be (-3 + 0)/(-3)*3. Suppose 6 = a*h - 6. Suppose 14 + 2 = -h*g. Determine r(g).
-3
Let n(y) = y**3 + 4*y**2 - y + 3. Suppose 0 = -s - 1, -4*t + 5*s + 29 + 32 = 0. Let b = -8 + t. Let q be -3*-8*(-1)/b. Calculate n(q).
7
Let q(z) = 120*z - 586. Let h be q(5). Let j(o) = -o**2 + 16*o - 28. What is j(h)?
0
Suppose -55 = 52*m - 367. Let r(a) be the first derivative of m - 1/2*a**2 - 2/3*a**3 + 2*a. Determine r(2).
-8
Let p = 807 - 800. Let k(c) = c - 18. Determine k(p).
-11
Let k(n) = -n - 1. Let t(a) = -a - 5. Let j = 52 + -50. Let d(b) = j*t(b) - 4*k(b). Calculate d(4).
2
Let q(k) be the first derivative of 7*k**2/2 + 37*k - 222. Determine q(-5).
2
Let n(w) = 8*w - 4. Let x(m) be the third derivative of -m**4/8 + m**3/6 - 7*m**2. Let z(u) = 4*n(u) + 11*x(u). Give z(-5).
0
Suppose -31*i = -30*i + 4. Let d(k) = 2*k**3 + 5*k**2 - 3*k + 4. Calculate d(i).
-32
Let o(f) = f**3 + 5*f**2 + 3*f + 1. Let t be o(-4). Let g(n) be the first derivative of 0*n - 1/2*n**2 - 9. What is g(t)?
-5
Let j be 4*(-2*(-3)/(-12))/(-1). Let s(v) = 4 - 2 - 6*v - j. What is s(-1)?
6
Let w(f) = 4*f**2 + 5*f - 4. Let r(a) = -21*a**2 - 26*a + 20. Let c(m) = 2*r(m) + 11*w(m). Let l(o) = -2*o**2 - 5*o - 1. Let u be l(-3). Determine c(u).
16
Let j(l) = l**2 + l - 1. Let d(t) = 7*t**2 - 8*t + 7. Suppose -4*s - w + 6 = -0*w, -w = -2. Let o(m) = s*d(m) + 6*j(m). Give o(1).
12
Let d(a) = -12*a**3 + a**2 - 2*a - 4. Let m(v) = -5*v**3 - v - 2. Let t(h) = -2*d(h) + 5*m(h). Calculate t(-3).
10
Let o be 0/((-10)/((-60)/(-18))). Let p(a) = -7*a - 10. Let i(l) = 6*l + 11. Let f(b) = 6*i(b) + 5*p(b). Determine f(o).
16
Let v(c) = -c**3 + 7*c**2 + 2*c - 2. Let h(t) = 5*t**3 - 27*t**2 - 9*t + 9. Let q(z) = 2*h(z) + 9*v(z). Give q(-9).
0
Let q(u) be the third derivative of -u**6/720 + u**5/120 - u**4/24 - 7*u**2. Let t(c) be the second derivative of q(c). Calculate t(-6).
7
Let n = 82 - 49. Let b(z) = 20*z - n*z + 14*z - 6. Let x(t) = t**3 - 3*t**2 - 3*t + 1. Let i be x(4). Give b(i).
-1
Let z(b) = 2*b - b**3 - 1 + 3*b - 2 - 5*b**2 + 0 + 0*b. What is z(-5)?
-28
Let m(c) = c**3 - 7*c**2 - 12*c + 8. Suppose -z + 261 = -4*j + 241, 0 = -5*z + j + 43. Determine m(z).
-24
Let z(q) = -29*q + 11. Let y = 5 - 15. Let j be 8 - -5*4/y. Let b(a) = 10*a - 4. Let o(f) = j*z(f) + 17*b(f). Calculate o(-2).
6
Let l(d) = 4 - 1 - 13*d**3 - d**2 + 16*d**3 - 5 + 0*d**2 - d. What is l(2)?
16
Let y(m) = 5*m**2 + 5*m + 6. Let k(t) = 11*t**2 + 10*t + 15. Let g(q) = 3*k(q) - 7*y(q). Give g(-4).
-9
Let q(r) be the first derivative of -r**4/24 + 2*r**3/3 + 13*r**2/2 - 9. Let f(u) be the second derivative of q(u). What is f(5)?
-1
Let i(w) = -w + 9. Let l be i(8). Let d(c) = 4*c - 5. Let y(m) = -11*m + 14. Let b(q) = 8*d(q) + 3*y(q). Calculate b(l).
1
Let w(t) = -t - 4. Let j(l) = -l. Let u(i) = j(i) + w(i). Suppose 0 = 3*y + k - 0*k - 167, 5*y - 282 = 2*k. Let p be (-240)/y - (-2)/7. Determine u(p).
4
Let h = -458 + 453. Let t(b) = -b + 1. Let o(z) = z**3 + 4*z**2 - 12*z + 1. Let d(i) = -o(i) + 4*t(i). Calculate d(h).
-12
Let d(k) = 2*k - 2. Let g(j) = j**2 + j - 9. Let t be g(-4). Suppose 0*f = -3*f - t*z + 6, -2*z = f - 1. Determine d(f).
4
Let m(a) = -12*a**3 + a. Let c = -2062 + 2063. Give m(c).
-11
Let t(d) = d**2 + 7*d + 2. Let b be t(-5). Let w(y) = y**3 - 14*y**2 - 12*y - 35. Let l be w(15). Let p(n) = -l*n - 56 - 65 + 113 - n**2. Calculate p(b).
8
Let v(j) be the first derivative of 16*j**3/3 + j**2 + j + 156. Let r be 1 - (3 - (2 - 1)). What is v(r)?
15
Let i(q) = 303*q**3 + 3*q - 2*q**2 - 614*q**3 - 1 + 312*q**3. Determine i(2).
5
Let f(v) be the third derivative of -v**4/24 + 4*v**3/3 - v**2 + 48*v. Give f(0).
8
Let m(f) = f**2 + 12*f + 2. Let z be m(-12). Let c(a) = 9*a**2 - 4 - a - a**3 + 13*a**z - 40*a**2 + 14*a**2. Determine c(-3).
-10
Let h(o) = 186 + 171 - 354 + 3*o. Calculate h(2).
9
Let b(r) = -13*r**2 + 6*r - 27. Let c(o) = 5*o**2 - 3*o + 9. Let q(z) = 3*b